remainder when 49440057 is divided by 29.
16
Calculate the remainder when 3595 is divided by 3234.
361
What is the remainder when 307598 is divided by 426?
26
What is the remainder when 293719 is divided by 7529?
88
Calculate the remainder when 2495881 is divided by 203.
199
What is the remainder when 273179 is divided by 8276?
71
Calculate the remainder when 381940 is divided by 845.
0
Calculate the remainder when 29014180 is divided by 805949.
16
What is the remainder when 320666 is divided by 12?
2
Calculate the remainder when 1699283 is divided by 339849.
38
Calculate the remainder when 48194 is divided by 7842.
1142
Calculate the remainder when 246913 is divided by 608.
65
What is the remainder when 1075048 is divided by 3625?
2048
Calculate the remainder when 11201156 is divided by 26543.
10
What is the remainder when 150405 is divided by 74393?
1619
What is the remainder when 28019056 is divided by 13?
0
What is the remainder when 41855 is divided by 540?
275
What is the remainder when 153174 is divided by 76586?
2
Calculate the remainder when 378073 is divided by 877.
86
What is the remainder when 178332 is divided by 6024?
3636
What is the remainder when 86324 is divided by 2697?
20
What is the remainder when 92225329 is divided by 759?
757
Calculate the remainder when 71288 is divided by 2638.
62
What is the remainder when 10983 is divided by 10345?
638
What is the remainder when 107373 is divided by 4668?
9
What is the remainder when 6061727 is divided by 389?
329
What is the remainder when 39142 is divided by 7520?
1542
What is the remainder when 451052 is divided by 5238?
584
Calculate the remainder when 16333893 is divided by 219.
216
Calculate the remainder when 2816656 is divided by 4890.
16
Calculate the remainder when 7019621 is divided by 3441.
3422
What is the remainder when 15526 is divided by 311?
287
What is the remainder when 2610633 is divided by 29?
24
Calculate the remainder when 42317 is divided by 58.
35
Calculate the remainder when 7454438 is divided by 1306.
1096
Calculate the remainder when 398959 is divided by 28494.
43
What is the remainder when 597280 is divided by 22120?
40
Calculate the remainder when 26704702 is divided by 338.
336
What is the remainder when 1111473496 is divided by 5233?
5228
Calculate the remainder when 152126 is divided by 18794.
1774
Calculate the remainder when 26714801 is divided by 2900.
1
What is the remainder when 502699 is divided by 345?
34
Calculate the remainder when 10745414 is divided by 64.
6
What is the remainder when 122220 is divided by 30413?
568
What is the remainder when 211704927 is divided by 3588219?
6
Calculate the remainder when 2426343 is divided by 28545.
18
Calculate the remainder when 21741649 is divided by 1899.
1897
Calculate the remainder when 61713 is divided by 489.
99
Calculate the remainder when 163794 is divided by 6.
0
What is the remainder when 17961861 is divided by 303?
21
What is the remainder when 1068868 is divided by 41076?
892
Calculate the remainder when 277010 is divided by 23.
21
What is the remainder when 9355621 is divided by 1811?
1806
Calculate the remainder when 458528 is divided by 3372.
3308
Calculate the remainder when 18004736 is divided by 281324.
0
What is the remainder when 49864382 is divided by 36?
26
What is the remainder when 32454 is divided by 2840?
1214
What is the remainder when 677759 is divided by 53?
48
What is the remainder when 2512929 is divided by 2511874?
1055
What is the remainder when 14137335 is divided by 133?
100
What is the remainder when 164602 is divided by 29?
27
What is the remainder when 26966646 is divided by 124?
118
What is the remainder when 461768 is divided by 1499?
76
What is the remainder when 941512 is divided by 470153?
1206
What is the remainder when 122332730 is divided by 2452?
2450
What is the remainder when 11912 is divided by 3517?
1361
What is the remainder when 6214287 is divided by 101871?
156
Calculate the remainder when 49067 is divided by 1950.
317
Calculate the remainder when 435312 is divided by 3421.
845
Calculate the remainder when 97095 is divided by 5110.
5
Calculate the remainder when 220999 is divided by 862.
327
What is the remainder when 1308101 is divided by 12?
5
What is the remainder when 22088813 is divided by 1369?
1367
Calculate the remainder when 33051 is divided by 889.
158
Calculate the remainder when 95286801 is divided by 3257.
9
Calculate the remainder when 16257472 is divided by 738974.
44
Calculate the remainder when 246495 is divided by 110.
95
Calculate the remainder when 2004236 is divided by 429.
377
Calculate the remainder when 12362543 is divided by 432.
431
Calculate the remainder when 58940548 is divided by 75.
73
What is the remainder when 26838107 is divided by 4756?
4755
What is the remainder when 77261 is divided by 678?
647
Calculate the remainder when 108878107 is divided by 318.
313
What is the remainder when 11851693 is divided by 146?
143
What is the remainder when 76631 is divided by 2906?
1075
Calculate the remainder when 1284423376 is divided by 47.
44
What is the remainder when 183230 is divided by 775?
330
Calculate the remainder when 26261192 is divided by 24.
8
What is the remainder when 2200472 is divided by 366541?
1226
Calculate the remainder when 12448046 is divided by 39.
26
Calculate the remainder when 1266362 is divided by 211040.
122
What is the remainder when 3208414 is divided by 170?
4
Calculate the remainder when 403217465 is divided by 96.
89
What is the remainder when 1830080 is divided by 2197?
2176
Calculate the remainder when 747839 is divided by 820.
819
What is the remainder when 1419281 is divided by 1931?
1927
Calculate the remainder when 15831163 is divided by 2371.
2367
What is the remainder when 141956 is divided by 141949?
7
What is the remainder when 39475543 is divided by 774030?
13
What is the remainder when 178282783 is divided by 730?
723
What is the remainder when 17296710 is divided by 519?
516
What is the remainder when 250344 is divided by 838?
620
What is the remainder when 256334 is divided by 14?
8
What is the remainder when 97415405 is divided by 17858?
15
Calculate the remainder when 1774015 is divided by 2095.
1645
Calculate the remainder when 291295402 is divided by 5013.
5011
What is the remainder when 3532432 is divided by 294365?
52
Calculate the remainder when 122603576 is divided by 108.
32
What is the remainder when 33206140 is divided by 498?
496
Calculate the remainder when 149818 is divided by 925.
893
Calculate the remainder when 273110 is divided by 5807.
181
Calculate the remainder when 51474 is divided by 1074.
996
What is the remainder when 7068030 is divided by 221?
8
What is the remainder when 184144 is divided by 36815?
69
What is the remainder when 381998 is divided by 4494?
8
Calculate the remainder when 56417131 is divided by 3059.
3053
What is the remainder when 411412 is divided by 369?
346
What is the remainder when 42728489 is divided by 35?
34
Calculate the remainder when 53534 is divided by 552.
542
Calculate the remainder when 17180963 is divided by 75355.
23
Calculate the remainder when 243765 is divided by 379.
68
Calculate the remainder when 1657586867 is divided by 861.
860
What is the remainder when 57918949 is divided by 73782?
79
What is the remainder when 8627603 is divided by 4313717?
169
Calculate the remainder when 1056015 is divided by 4109.
2
What is the remainder when 13638632 is divided by 3069?
3065
Calculate the remainder when 3853239 is divided by 1214.
3
Calculate the remainder when 45366 is divided by 3957.
1839
What is the remainder when 289571 is divided by 251?
168
What is the remainder when 9689626 is divided by 145?
1
Calculate the remainder when 98578 is divided by 24461.
734
Calculate the remainder when 12314248 is divided by 102.
94
Calculate the remainder when 3141706 is divided by 24.
10
Calculate the remainder when 957078 is divided by 15191.
45
What is the remainder when 4491217 is divided by 102073?
5
Calculate the remainder when 164191195 is divided by 41047794.
19
What is the remainder when 10874 is divided by 1340?
154
What is the remainder when 145370 is divided by 141?
140
What is the remainder when 52053 is divided by 2661